{"id":218,"date":"2017-01-28T15:36:41","date_gmt":"2017-01-28T18:36:41","guid":{"rendered":"http:\/\/radionos.com.br\/wp\/?page_id=218"},"modified":"2025-08-28T14:02:30","modified_gmt":"2025-08-28T17:02:30","slug":"ambient-channel","status":"publish","type":"page","link":"https:\/\/radionos.com\/site\/ambient-channel\/","title":{"rendered":"Ambient Channel"},"content":{"rendered":"\n<div id=\"header\">&nbsp;<\/div>\n\n\n<div class=\"wp-block-image\">\n<figure class=\"aligncenter is-resized\"><img decoding=\"async\" src=\"\/site\/wp-content\/uploads\/2024\/08\/p2.png\" alt=\"\" style=\"width:369px;height:auto\"\/><\/figure>\n<\/div>\n\n<div>&nbsp;<\/div>\n\n\n\n<div>M\u00fasica ambiente (Ambient Music) \u00e9 um g\u00eanero musical substancialmente focado nas caracter\u00edsticas timbrais dos sons, geralmente organizados ou executados com o intuito de se denotar ou estimular a cria\u00e7\u00e3o de uma &#8220;atmosfera&#8221;, uma &#8220;paisagem sonora&#8221; ou mesmo para apenas soar como um &#8220;discreto complemento\u201d a uma ambi\u00eancia.<\/div>\n\n\n\n<div>\n<p>\n<\/p><p>Anos 1970: estabelecimento<\/p>\n<p><a href=\"https:\/\/pt.wikipedia.org\/wiki\/Brian_Eno\" target=\"_self\" rel=\"noopener noreferrer\">Brian Eno<\/a> \u00e9 geralmente apontado como o respons\u00e1vel pela cria\u00e7\u00e3o do termo \u201cAmbient Music\u201d (&#8220;M\u00fasica Ambiente&#8221;), usado por ele em meados dos anos 1970 para se referir \u00e0 m\u00fasica que, como ele afirmou, \u201cpode ser tanto apreciada atentamente como sutilmente ignorada, conforme a escolha do ouvinte\u201d (&#8220;actively listened to with attention or as easily ignored, depending on the choice of the listener&#8221;), e que \u00e9 algo que existe no &#8220;limite entre melodia e textura&#8221;. Eno se descreve como um &#8220;n\u00e3o-m\u00fasico&#8221;, e classifica seus experimentos sonoros como &#8220;tratamentos&#8221; (\u201ctreatments\u201d) em vez de performances tradicionais. Ele usou a palavra &#8220;ambient&#8221; para descrever o tipo de m\u00fasica que cria uma atmosfera que leva o ouvinte a um estado de esp\u00edrito diferente. \u201cAmbient\u201d \u00e9 uma palavra com base no termo latino ambire, &#8220;cercar&#8221; (no sentido de estar em volta, nos arredores, envolver).<br>Quer saber mais?<br><a href=\"https:\/\/pt.wikipedia.org\/wiki\/M%C3%BAsica_ambiente\" target=\"_blank\" rel=\"noopener noreferrer\">https:\/\/pt.wikipedia.org\/wiki\/M%C3%BAsica_ambiente<\/a><br><a href=\"https:\/\/monkeybuzz.com.br\/artigos\/1505\/ambient-music\/\" target=\"_blank\" rel=\"noopener noreferrer\">https:\/\/monkeybuzz.com.br\/artigos\/1505\/ambient-music\/<\/a><\/p>\n<p><strong>\u00daltimas tocadas no Ambient Channel<\/strong><\/p>\n<div><iframe src=\"https:\/\/www.nos.com.br\/GetPlayedHistory.php?sid=1&amp;hist=stream01.xml&amp;name=Ambient&amp;vers=1.1\" width=\"640\" height=\"300\"><\/iframe><\/div>\n<p>Sua opini\u00e3o \u00e9 importante: diga-nos o que acha do Ambient Channel da RadioNOS ?<\/p>\n<p>O Melhor em CREATIVE COMMONS Music &#8211; O que n\u00e3o se ouve por a\u00ed.<\/p>\n<\/div>\n\n\n\n<p><\/p>\n\n\n<script>\n\t\tjQuery(function() {\nsetTimeout(function(){\n\t\t\tjQuery(\"#lbg_audio5_html5_shoutcast_1\").audio5_html5({\n\t\t\t\tskin:\"whiteControllers\",\n\t\t\t\tplayerWidth:5000,\n\t\t\t\tresponsive:true,\n\t\t\t\tinitialVolume:1,\n\t\t\t\tautoPlay:true,\n\t\t\t\tvolumeOffColor:\"#454545\",\n\t\t\t\tvolumeOnColor:\"#FFFFFF\",\n\t\t\t\tsongTitleColor:\"#d6d2d6\",\n\t\t\t\tradioStationColor:\"#d9e4f7\",\n\t\t\t\tframeBehindPlayerColor:\"#000000\",\n\t\t\t\timageBorderWidth:4,\n\t\t\t\timageBorderColor:\"#000000\",\n\t\t\t\tshowVolume:true,\n\t\t\t\tshowRadioStation:true,\n\t\t\t\tshowTitle:true,\n\t\t\t\tshowNextPrevBut:false,\n\t\t\t\tautoHidePlayButton:false,\n\t\t\t\tshowFacebookBut:false,\n\t\t\t\tfacebookAppID:\"377545175935780\",\n\t\t\t\tfacebookShareTitle:\"Ouvindo agora Ambient Channel da RadioNOS.com\",\n\t\t\t\tfacebookShareDescription:\"Ambient Channel da RadioNOS.com, o que n\u00e3o se ouve por a\u00ed...\",\n\t\t\t\tshowTwitterBut:false,\n\t\t\t\tbeneathTitleBackgroundColor_VisiblePlaylist:\"#11111c\",\n\t\t\t\tbeneathTitleBackgroundOpacity_VisiblePlaylist:100,\n\t\t\t\tbeneathTitleBackgroundColor_HiddenPlaylist:\"#11111c\",\n\t\t\t\tbeneathTitleBackgroundOpacity_HiddenPlaylist:100,\n\t\t\t\tbeneathTitleBackgroundBorderColor:\"#000000\",\n\t\t\t\tbeneathTitleBackgroundBorderWidth:3,\n\t\t\t\ttranslateRadioStation:\"Canal: \",\n\t\t\t\ttranslateSongTitle:\"Tocando agora: \",\n\t\t\t\ttranslateReadingData:\"lendo dados...\",\n\t\t\t\ttranslateAllRadioStations:\"TODOS OS CANAIS\",\n\t\t\t\tshowPlaylistBut:false,\n\t\t\t\tshowPlaylist:true,\n\t\t\t\tshowPlaylistOnInit:false,\n\t\t\t\tplaylistTopPos:5,\n\t\t\t\tplaylistBgColor:\"#c55151\",\n\t\t\t\tplaylistRecordBgOffColor:\"#000000\",\n\t\t\t\tplaylistRecordBgOnColor:\"#000000\",\n\t\t\t\tplaylistRecordBottomBorderOffColor:\"#333333\",\n\t\t\t\tplaylistRecordBottomBorderOnColor:\"#4d4d4d\",\n\t\t\t\tplaylistRecordTextOffColor:\"#777777\",\n\t\t\t\tplaylistRecordTextOnColor:\"#00b4f9\",\n\t\t\t\tcategoryRecordBgOffColor:\"#000000\",\n\t\t\t\tcategoryRecordBgOnColor:\"#252525\",\n\t\t\t\tcategoryRecordBottomBorderOffColor:\"#2f2f2f\",\n\t\t\t\tcategoryRecordBottomBorderOnColor:\"#2f2f2f\",\n\t\t\t\tcategoryRecordTextOffColor:\"#777777\",\n\t\t\t\tcategoryRecordTextOnColor:\"#00b4f9\",\n\t\t\t\tnumberOfThumbsPerScreen:7,\n\t\t\t\tplaylistPadding:18,\n\t\t\t\tfirstCateg:\"\",\n\t\t\t\tshowCategories:false,\n\t\t\t\tselectedCategBg:\"#000000\",\n\t\t\t\tselectedCategOffColor:\"#FFFFFF\",\n\t\t\t\tselectedCategOnColor:\"#00b4f9\",\n\t\t\t\tselectedCategMarginBottom:12,\n\t\t\t\tshowSearchArea:false,\n\t\t\t\tsearchAreaBg:\"#000000\",\n\t\t\t\tsearchInputText:\"search...\",\n\t\t\t\tsearchInputBg:\"#ffffff\",\n\t\t\t\tsearchInputBorderColor:\"#333333\",\n\t\t\t    searchInputTextColor:\"#333333\",\n\t\t\t\tshowPlaylistNumber:false,\n\t\t\t\tpathToAjaxFiles:\"https:\/\/radionos.com\/site\/wp-content\/plugins\/lbg-audio5-html5-shoutcast_sticky\/audio5_html5\/\",\n\t\t\t\tnowPlayingInterval:15,\n\t\t\t\tgrabLastFmPhoto:true,\n\t\t\t\tgrabStreamnameAndGenre:true,\n\t\t\t\tnoImageAvailable:\"https:\/\/radionos.com\/site\/wp-content\/uploads\/2022\/01\/ICONE-NOS.png\",\n\t\t\t\tshowHeadphone:false,\n\t\t\t\tnextPrevAdditionalPadding:-5,\n\t\t\t\tminButtonColor:\"#a890a8\"\n\t\t\t});\n}, 0);\n\t\t});\n\t<\/script>\n    <div class=\"audio5_html5_sticky\">\n\t\t<div class=\"audio5_html5\">\n            <div id=\"lbg_audio5_html5_shoutcast_1\">\n                  <div class=\"xaudioplaylist\"><ul>\n                \t<li class=\"xradiostream\">https:\/\/nos.radio.br:443\/stream\/1\/;<\/li><li class=\"xassociatedpageurl\">https:\/\/radionos.com.br\/site\/ambient-channel\/<\/li><li class=\"xstation\">Ambient Channel<\/li><li class=\"xcategory\">Ambient<\/li>        <\/ul><\/div>\n            <\/div>\n     <\/div>\n\t<br style=\"clear:both;\">\n\t<div class=\"audio5_html5_min audio5_html5_arrow_down\"><\/div>\n\n  <\/div>   \n\n","protected":false},"excerpt":{"rendered":"<p>&nbsp; &nbsp; M\u00fasica ambiente (Ambient Music) \u00e9 um g\u00eanero musical substancialmente focado nas caracter\u00edsticas timbrais dos sons, geralmente organizados ou executados com o intuito de se denotar ou estimular a cria\u00e7\u00e3o de uma &#8220;atmosfera&#8221;, uma &#8220;paisagem sonora&#8221; ou mesmo para apenas soar como um &#8220;discreto complemento\u201d a uma ambi\u00eancia. Anos 1970: estabelecimento Brian Eno&hellip; <a class=\"read-more-link\" href=\"https:\/\/radionos.com\/site\/ambient-channel\/\">(mais)<\/a><\/p>\n","protected":false},"author":1,"featured_media":1503,"parent":0,"menu_order":0,"comment_status":"closed","ping_status":"closed","template":"","meta":{"_eb_attr":"","_monsterinsights_skip_tracking":false,"_monsterinsights_sitenote_active":false,"_monsterinsights_sitenote_note":"","_monsterinsights_sitenote_category":0,"footnotes":""},"class_list":["post-218","page","type-page","status-publish","has-post-thumbnail","hentry"],"jetpack_sharing_enabled":true,"_links":{"self":[{"href":"https:\/\/radionos.com\/site\/wp-json\/wp\/v2\/pages\/218","targetHints":{"allow":["GET"]}}],"collection":[{"href":"https:\/\/radionos.com\/site\/wp-json\/wp\/v2\/pages"}],"about":[{"href":"https:\/\/radionos.com\/site\/wp-json\/wp\/v2\/types\/page"}],"author":[{"embeddable":true,"href":"https:\/\/radionos.com\/site\/wp-json\/wp\/v2\/users\/1"}],"replies":[{"embeddable":true,"href":"https:\/\/radionos.com\/site\/wp-json\/wp\/v2\/comments?post=218"}],"version-history":[{"count":66,"href":"https:\/\/radionos.com\/site\/wp-json\/wp\/v2\/pages\/218\/revisions"}],"predecessor-version":[{"id":2387,"href":"https:\/\/radionos.com\/site\/wp-json\/wp\/v2\/pages\/218\/revisions\/2387"}],"wp:featuredmedia":[{"embeddable":true,"href":"https:\/\/radionos.com\/site\/wp-json\/wp\/v2\/media\/1503"}],"wp:attachment":[{"href":"https:\/\/radionos.com\/site\/wp-json\/wp\/v2\/media?parent=218"}],"curies":[{"name":"wp","href":"https:\/\/api.w.org\/{rel}","templated":true}]}}